{"id":191,"date":"2019-12-02T15:12:56","date_gmt":"2019-12-02T15:12:56","guid":{"rendered":"https:\/\/foto-wsw.de\/?page_id=191"},"modified":"2019-12-05T15:13:03","modified_gmt":"2019-12-05T15:13:03","slug":"impressum","status":"publish","type":"page","link":"https:\/\/foto-wsw.de\/?page_id=191","title":{"rendered":"Impressum"},"content":{"rendered":"\n<style type=\"text\/css\" data-created_by=\"avia_inline_auto\" id=\"style-css-av-wts4n-38cb406975696e039b9999a0db3ec320\">\n.flex_column.av-wts4n-38cb406975696e039b9999a0db3ec320{\n-webkit-border-radius:0px 0px 0px 0px;\n-moz-border-radius:0px 0px 0px 0px;\nborder-radius:0px 0px 0px 0px;\npadding:0px 0px 0px 0px;\n}\n<\/style>\n<div class='flex_column av-wts4n-38cb406975696e039b9999a0db3ec320 av_one_full  avia-builder-el-0  el_before_av_one_fourth  avia-builder-el-first  first flex_column_div av-zero-column-padding '     ><style type=\"text\/css\" data-created_by=\"avia_inline_auto\" id=\"style-css-av-k3olahxz-ecb47ef6e306e2ca4de96c2ee1c77acb\">\n#top .av-special-heading.av-k3olahxz-ecb47ef6e306e2ca4de96c2ee1c77acb{\npadding-bottom:10px;\n}\nbody .av-special-heading.av-k3olahxz-ecb47ef6e306e2ca4de96c2ee1c77acb .av-special-heading-tag .heading-char{\nfont-size:25px;\n}\n.av-special-heading.av-k3olahxz-ecb47ef6e306e2ca4de96c2ee1c77acb .av-subheading{\nfont-size:15px;\n}\n<\/style>\n<div  class='av-special-heading av-k3olahxz-ecb47ef6e306e2ca4de96c2ee1c77acb av-special-heading-h2  avia-builder-el-1  avia-builder-el-no-sibling '><h2 class='av-special-heading-tag'  itemprop=\"headline\"  >Impressum<\/h2><div class=\"special-heading-border\"><div class=\"special-heading-inner-border\"><\/div><\/div><\/div><\/div>\n\n<style type=\"text\/css\" data-created_by=\"avia_inline_auto\" id=\"style-css-av-qm8af-ed508ebe5751f61bf046070a6dd40849\">\n.flex_column.av-qm8af-ed508ebe5751f61bf046070a6dd40849{\n-webkit-border-radius:0px 0px 0px 0px;\n-moz-border-radius:0px 0px 0px 0px;\nborder-radius:0px 0px 0px 0px;\npadding:0px 0px 0px 0px;\n}\n<\/style>\n<div class='flex_column av-qm8af-ed508ebe5751f61bf046070a6dd40849 av_one_fourth  avia-builder-el-2  el_after_av_one_full  el_before_av_one_fourth  first flex_column_div av-zero-column-padding column-top-margin'     ><section  class='av_textblock_section av-k3olbrhi-244b35668ea4248248df4011e480c094'  itemscope=\"itemscope\" itemtype=\"https:\/\/schema.org\/CreativeWork\" ><div class='avia_textblock'  itemprop=\"text\" ><p><strong>Angaben gem\u00e4\u00df \u00a7 5 TMG:<\/strong><br \/>\nFotostudio Krause<br \/>\nInhaber: Rico Krause<br \/>\nLutherstra\u00dfe 19<br \/>\n02943 Wei\u00dfwasser<\/p>\n<\/div><\/section><\/div>\n\n<style type=\"text\/css\" data-created_by=\"avia_inline_auto\" id=\"style-css-av-njzxb-1e8d94da9df511e101e780ecfd7fbf51\">\n.flex_column.av-njzxb-1e8d94da9df511e101e780ecfd7fbf51{\n-webkit-border-radius:0px 0px 0px 0px;\n-moz-border-radius:0px 0px 0px 0px;\nborder-radius:0px 0px 0px 0px;\npadding:0px 0px 0px 0px;\n}\n<\/style>\n<div class='flex_column av-njzxb-1e8d94da9df511e101e780ecfd7fbf51 av_one_fourth  avia-builder-el-4  el_after_av_one_fourth  el_before_av_one_fourth  flex_column_div av-zero-column-padding column-top-margin'     ><section  class='av_textblock_section av-k3olbrhi-244b35668ea4248248df4011e480c094'  itemscope=\"itemscope\" itemtype=\"https:\/\/schema.org\/CreativeWork\" ><div class='avia_textblock'  itemprop=\"text\" ><p><strong>Kontakt:<\/strong><br \/>\nTelefon: +49 3576 201673<br \/>\nE-Mail: fotostudio-wsw [at] t-online.de<\/p>\n<\/div><\/section><\/div>\n<style type=\"text\/css\" data-created_by=\"avia_inline_auto\" id=\"style-css-av-1bde7-71dddd8e429fabc0a097f19bdf422822\">\n.flex_column.av-1bde7-71dddd8e429fabc0a097f19bdf422822{\n-webkit-border-radius:0px 0px 0px 0px;\n-moz-border-radius:0px 0px 0px 0px;\nborder-radius:0px 0px 0px 0px;\npadding:0px 0px 0px 0px;\n}\n<\/style>\n<div class='flex_column av-1bde7-71dddd8e429fabc0a097f19bdf422822 av_one_fourth  avia-builder-el-6  el_after_av_one_fourth  el_before_av_one_fourth  flex_column_div av-zero-column-padding column-top-margin'     ><section  class='av_textblock_section av-k3olbrhi-244b35668ea4248248df4011e480c094'  itemscope=\"itemscope\" itemtype=\"https:\/\/schema.org\/CreativeWork\" ><div class='avia_textblock'  itemprop=\"text\" ><p><strong>Umsatzsteuer-ID:<\/strong><br \/>\nUmsatzsteuer-Identifikationsnummer gem\u00e4\u00df \u00a727a Umsatzsteuergesetz:<br \/>\nDE 314031834<\/p>\n<\/div><\/section><\/div>\n<style type=\"text\/css\" data-created_by=\"avia_inline_auto\" id=\"style-css-av-8v1hj-10453cf3193ad6c7928492da5cd2711b\">\n.flex_column.av-8v1hj-10453cf3193ad6c7928492da5cd2711b{\n-webkit-border-radius:0px 0px 0px 0px;\n-moz-border-radius:0px 0px 0px 0px;\nborder-radius:0px 0px 0px 0px;\npadding:0px 0px 0px 0px;\n}\n<\/style>\n<div class='flex_column av-8v1hj-10453cf3193ad6c7928492da5cd2711b av_one_fourth  avia-builder-el-8  el_after_av_one_fourth  el_before_av_heading  flex_column_div av-zero-column-padding column-top-margin'     ><section  class='av_textblock_section av-k3olbrhi-244b35668ea4248248df4011e480c094'  itemscope=\"itemscope\" itemtype=\"https:\/\/schema.org\/CreativeWork\" ><div class='avia_textblock'  itemprop=\"text\" ><div class=\"col-md-3\">\n<p><strong>Registereintrag:<\/strong><br \/>\nHandwerkskammer: Dresden<br \/>\nHWK-Nr.: 0402810<\/p>\n<p><strong>Berufshaftpflichtversicherung:<\/strong><br \/>\nAllianz Versicherungs-AG<br \/>\n10900 Berlin<\/p>\n<\/div>\n<\/div><\/section><\/div>\n<style type=\"text\/css\" data-created_by=\"avia_inline_auto\" id=\"style-css-av-av_heading-5434818d60ae5a93cbb30787c6ec3dff\">\n#top .av-special-heading.av-av_heading-5434818d60ae5a93cbb30787c6ec3dff{\npadding-bottom:10px;\n}\nbody .av-special-heading.av-av_heading-5434818d60ae5a93cbb30787c6ec3dff .av-special-heading-tag .heading-char{\nfont-size:25px;\n}\n.av-special-heading.av-av_heading-5434818d60ae5a93cbb30787c6ec3dff .av-subheading{\nfont-size:15px;\n}\n<\/style>\n<div  class='av-special-heading av-av_heading-5434818d60ae5a93cbb30787c6ec3dff av-special-heading-h3  avia-builder-el-10  el_after_av_one_fourth  el_before_av_textblock '><h3 class='av-special-heading-tag'  itemprop=\"headline\"  >Haftungsausschluss (Disclaimer)<\/h3><div class=\"special-heading-border\"><div class=\"special-heading-inner-border\"><\/div><\/div><\/div><\/p>\n<section  class='av_textblock_section av-k3olg4ga-ec7e6a39186cafa8d5e2dd445cdc40d7'  itemscope=\"itemscope\" itemtype=\"https:\/\/schema.org\/CreativeWork\" ><div class='avia_textblock'  itemprop=\"text\" ><p><strong>Haftung f\u00fcr Inhalte<\/strong><\/p>\n<p>Als Diensteanbieter sind wir gem\u00e4\u00df \u00a7 7 Abs.1 TMG f\u00fcr eigene Inhalte auf diesen Seiten nach den allgemeinen Gesetzen verantwortlich. Nach \u00a7\u00a7 8 bis 10 TMG sind wir als Diensteanbieter jedoch nicht verpflichtet, \u00fcbermittelte oder gespeicherte fremde Informationen zu \u00fcberwachen oder nach Umst\u00e4nden zu forschen, die auf eine rechtswidrige T\u00e4tigkeit hinweisen. Verpflichtungen zur Entfernung oder Sperrung der Nutzung von Informationen nach den allgemeinen Gesetzen bleiben hiervon unber\u00fchrt. Eine diesbez\u00fcgliche Haftung ist jedoch erst ab dem Zeitpunkt der Kenntnis einer konkreten Rechtsverletzung m\u00f6glich. Bei Bekanntwerden von entsprechenden Rechtsverletzungen werden wir diese Inhalte umgehend entfernen.<\/p>\n<p><strong>Haftung f\u00fcr Links<\/strong><\/p>\n<p>Unser Angebot enth\u00e4lt Links zu externen Webseiten Dritter, auf deren Inhalte wir keinen Einfluss haben. Deshalb k\u00f6nnen wir f\u00fcr diese fremden Inhalte auch keine Gew\u00e4hr \u00fcbernehmen. F\u00fcr die Inhalte der verlinkten Seiten ist stets der jeweilige Anbieter oder Betreiber der Seiten verantwortlich. Die verlinkten Seiten wurden zum Zeitpunkt der Verlinkung auf m\u00f6gliche Rechtsverst\u00f6\u00dfe \u00fcberpr\u00fcft. Rechtswidrige Inhalte waren zum Zeitpunkt der Verlinkung nicht erkennbar. Eine permanente inhaltliche Kontrolle der verlinkten Seiten ist jedoch ohne konkrete Anhaltspunkte einer Rechtsverletzung nicht zumutbar. Bei Bekanntwerden von Rechtsverletzungen werden wir derartige Links umgehend entfernen.<\/p>\n<p><strong>Urheberrecht<\/strong><\/p>\n<p>Die durch die Seitenbetreiber erstellten Inhalte und Werke auf diesen Seiten unterliegen dem deutschen Urheberrecht. Die Vervielf\u00e4ltigung, Bearbeitung, Verbreitung und jede Art der Verwertung au\u00dferhalb der Grenzen des Urheberrechtes bed\u00fcrfen der schriftlichen Zustimmung des jeweiligen Autors bzw. Erstellers. Downloads und Kopien dieser Seite sind nur f\u00fcr den privaten, nicht kommerziellen Gebrauch gestattet. Soweit die Inhalte auf dieser Seite nicht vom Betreiber erstellt wurden, werden die Urheberrechte Dritter beachtet. Insbesondere werden Inhalte Dritter als solche gekennzeichnet. Sollten Sie trotzdem auf eine Urheberrechtsverletzung aufmerksam werden, bitten wir um einen entsprechenden Hinweis. Bei Bekanntwerden von Rechtsverletzungen werden wir derartige Inhalte umgehend entfernen.<\/p>\n<\/div><\/section>\n","protected":false},"excerpt":{"rendered":"","protected":false},"author":1,"featured_media":0,"parent":0,"menu_order":0,"comment_status":"closed","ping_status":"closed","template":"","meta":[],"_links":{"self":[{"href":"https:\/\/foto-wsw.de\/index.php?rest_route=\/wp\/v2\/pages\/191"}],"collection":[{"href":"https:\/\/foto-wsw.de\/index.php?rest_route=\/wp\/v2\/pages"}],"about":[{"href":"https:\/\/foto-wsw.de\/index.php?rest_route=\/wp\/v2\/types\/page"}],"author":[{"embeddable":true,"href":"https:\/\/foto-wsw.de\/index.php?rest_route=\/wp\/v2\/users\/1"}],"replies":[{"embeddable":true,"href":"https:\/\/foto-wsw.de\/index.php?rest_route=%2Fwp%2Fv2%2Fcomments&post=191"}],"version-history":[{"count":11,"href":"https:\/\/foto-wsw.de\/index.php?rest_route=\/wp\/v2\/pages\/191\/revisions"}],"predecessor-version":[{"id":330,"href":"https:\/\/foto-wsw.de\/index.php?rest_route=\/wp\/v2\/pages\/191\/revisions\/330"}],"wp:attachment":[{"href":"https:\/\/foto-wsw.de\/index.php?rest_route=%2Fwp%2Fv2%2Fmedia&parent=191"}],"curies":[{"name":"wp","href":"https:\/\/api.w.org\/{rel}","templated":true}]}}

<style type="text/css" data-created_by="avia_inline_auto" id="style-css-av-wts4n-38cb406975696e039b9999a0db3ec320">
.flex_column.av-wts4n-38cb406975696e039b9999a0db3ec320{
-webkit-border-radius:0px 0px 0px 0px;
-moz-border-radius:0px 0px 0px 0px;
border-radius:0px 0px 0px 0px;
padding:0px 0px 0px 0px;
}
</style>
<div class='flex_column av-wts4n-38cb406975696e039b9999a0db3ec320 av_one_full  avia-builder-el-0  el_before_av_one_fourth  avia-builder-el-first  first flex_column_div av-zero-column-padding '     ><style type="text/css" data-created_by="avia_inline_auto" id="style-css-av-k3olahxz-ecb47ef6e306e2ca4de96c2ee1c77acb">
#top .av-special-heading.av-k3olahxz-ecb47ef6e306e2ca4de96c2ee1c77acb{
padding-bottom:10px;
}
body .av-special-heading.av-k3olahxz-ecb47ef6e306e2ca4de96c2ee1c77acb .av-special-heading-tag .heading-char{
font-size:25px;
}
.av-special-heading.av-k3olahxz-ecb47ef6e306e2ca4de96c2ee1c77acb .av-subheading{
font-size:15px;
}
</style>
<div  class='av-special-heading av-k3olahxz-ecb47ef6e306e2ca4de96c2ee1c77acb av-special-heading-h2  avia-builder-el-1  avia-builder-el-no-sibling '><h2 class='av-special-heading-tag'  itemprop="headline"  >Impressum</h2><div class="special-heading-border"><div class="special-heading-inner-border"></div></div></div></div>

<style type="text/css" data-created_by="avia_inline_auto" id="style-css-av-qm8af-ed508ebe5751f61bf046070a6dd40849">
.flex_column.av-qm8af-ed508ebe5751f61bf046070a6dd40849{
-webkit-border-radius:0px 0px 0px 0px;
-moz-border-radius:0px 0px 0px 0px;
border-radius:0px 0px 0px 0px;
padding:0px 0px 0px 0px;
}
</style>
<div class='flex_column av-qm8af-ed508ebe5751f61bf046070a6dd40849 av_one_fourth  avia-builder-el-2  el_after_av_one_full  el_before_av_one_fourth  first flex_column_div av-zero-column-padding column-top-margin'     ><section  class='av_textblock_section av-k3olbrhi-244b35668ea4248248df4011e480c094'  itemscope="itemscope" itemtype="https://schema.org/CreativeWork" ><div class='avia_textblock'  itemprop="text" ><p><strong>Angaben gemäß § 5 TMG:</strong><br />
Fotostudio Krause<br />
Inhaber: Rico Krause<br />
Lutherstraße 19<br />
02943 Weißwasser</p>
</div></section></div>

<style type="text/css" data-created_by="avia_inline_auto" id="style-css-av-njzxb-1e8d94da9df511e101e780ecfd7fbf51">
.flex_column.av-njzxb-1e8d94da9df511e101e780ecfd7fbf51{
-webkit-border-radius:0px 0px 0px 0px;
-moz-border-radius:0px 0px 0px 0px;
border-radius:0px 0px 0px 0px;
padding:0px 0px 0px 0px;
}
</style>
<div class='flex_column av-njzxb-1e8d94da9df511e101e780ecfd7fbf51 av_one_fourth  avia-builder-el-4  el_after_av_one_fourth  el_before_av_one_fourth  flex_column_div av-zero-column-padding column-top-margin'     ><section  class='av_textblock_section av-k3olbrhi-244b35668ea4248248df4011e480c094'  itemscope="itemscope" itemtype="https://schema.org/CreativeWork" ><div class='avia_textblock'  itemprop="text" ><p><strong>Kontakt:</strong><br />
Telefon: +49 3576 201673<br />
E-Mail: fotostudio-wsw [at] t-online.de</p>
</div></section></div>
<style type="text/css" data-created_by="avia_inline_auto" id="style-css-av-1bde7-71dddd8e429fabc0a097f19bdf422822">
.flex_column.av-1bde7-71dddd8e429fabc0a097f19bdf422822{
-webkit-border-radius:0px 0px 0px 0px;
-moz-border-radius:0px 0px 0px 0px;
border-radius:0px 0px 0px 0px;
padding:0px 0px 0px 0px;
}
</style>
<div class='flex_column av-1bde7-71dddd8e429fabc0a097f19bdf422822 av_one_fourth  avia-builder-el-6  el_after_av_one_fourth  el_before_av_one_fourth  flex_column_div av-zero-column-padding column-top-margin'     ><section  class='av_textblock_section av-k3olbrhi-244b35668ea4248248df4011e480c094'  itemscope="itemscope" itemtype="https://schema.org/CreativeWork" ><div class='avia_textblock'  itemprop="text" ><p><strong>Umsatzsteuer-ID:</strong><br />
Umsatzsteuer-Identifikationsnummer gemäß §27a Umsatzsteuergesetz:<br />
DE 314031834</p>
</div></section></div>
<style type="text/css" data-created_by="avia_inline_auto" id="style-css-av-8v1hj-10453cf3193ad6c7928492da5cd2711b">
.flex_column.av-8v1hj-10453cf3193ad6c7928492da5cd2711b{
-webkit-border-radius:0px 0px 0px 0px;
-moz-border-radius:0px 0px 0px 0px;
border-radius:0px 0px 0px 0px;
padding:0px 0px 0px 0px;
}
</style>
<div class='flex_column av-8v1hj-10453cf3193ad6c7928492da5cd2711b av_one_fourth  avia-builder-el-8  el_after_av_one_fourth  el_before_av_heading  flex_column_div av-zero-column-padding column-top-margin'     ><section  class='av_textblock_section av-k3olbrhi-244b35668ea4248248df4011e480c094'  itemscope="itemscope" itemtype="https://schema.org/CreativeWork" ><div class='avia_textblock'  itemprop="text" ><div class="col-md-3">
<p><strong>Registereintrag:</strong><br />
Handwerkskammer: Dresden<br />
HWK-Nr.: 0402810</p>
<p><strong>Berufshaftpflichtversicherung:</strong><br />
Allianz Versicherungs-AG<br />
10900 Berlin</p>
</div>
</div></section></div>
<style type="text/css" data-created_by="avia_inline_auto" id="style-css-av-av_heading-5434818d60ae5a93cbb30787c6ec3dff">
#top .av-special-heading.av-av_heading-5434818d60ae5a93cbb30787c6ec3dff{
padding-bottom:10px;
}
body .av-special-heading.av-av_heading-5434818d60ae5a93cbb30787c6ec3dff .av-special-heading-tag .heading-char{
font-size:25px;
}
.av-special-heading.av-av_heading-5434818d60ae5a93cbb30787c6ec3dff .av-subheading{
font-size:15px;
}
</style>
<div  class='av-special-heading av-av_heading-5434818d60ae5a93cbb30787c6ec3dff av-special-heading-h3  avia-builder-el-10  el_after_av_one_fourth  el_before_av_textblock '><h3 class='av-special-heading-tag'  itemprop="headline"  >Haftungsausschluss (Disclaimer)</h3><div class="special-heading-border"><div class="special-heading-inner-border"></div></div></div></p>
<section  class='av_textblock_section av-k3olg4ga-ec7e6a39186cafa8d5e2dd445cdc40d7'  itemscope="itemscope" itemtype="https://schema.org/CreativeWork" ><div class='avia_textblock'  itemprop="text" ><p><strong>Haftung für Inhalte</strong></p>
<p>Als Diensteanbieter sind wir gemäß § 7 Abs.1 TMG für eigene Inhalte auf diesen Seiten nach den allgemeinen Gesetzen verantwortlich. Nach §§ 8 bis 10 TMG sind wir als Diensteanbieter jedoch nicht verpflichtet, übermittelte oder gespeicherte fremde Informationen zu überwachen oder nach Umständen zu forschen, die auf eine rechtswidrige Tätigkeit hinweisen. Verpflichtungen zur Entfernung oder Sperrung der Nutzung von Informationen nach den allgemeinen Gesetzen bleiben hiervon unberührt. Eine diesbezügliche Haftung ist jedoch erst ab dem Zeitpunkt der Kenntnis einer konkreten Rechtsverletzung möglich. Bei Bekanntwerden von entsprechenden Rechtsverletzungen werden wir diese Inhalte umgehend entfernen.</p>
<p><strong>Haftung für Links</strong></p>
<p>Unser Angebot enthält Links zu externen Webseiten Dritter, auf deren Inhalte wir keinen Einfluss haben. Deshalb können wir für diese fremden Inhalte auch keine Gewähr übernehmen. Für die Inhalte der verlinkten Seiten ist stets der jeweilige Anbieter oder Betreiber der Seiten verantwortlich. Die verlinkten Seiten wurden zum Zeitpunkt der Verlinkung auf mögliche Rechtsverstöße überprüft. Rechtswidrige Inhalte waren zum Zeitpunkt der Verlinkung nicht erkennbar. Eine permanente inhaltliche Kontrolle der verlinkten Seiten ist jedoch ohne konkrete Anhaltspunkte einer Rechtsverletzung nicht zumutbar. Bei Bekanntwerden von Rechtsverletzungen werden wir derartige Links umgehend entfernen.</p>
<p><strong>Urheberrecht</strong></p>
<p>Die durch die Seitenbetreiber erstellten Inhalte und Werke auf diesen Seiten unterliegen dem deutschen Urheberrecht. Die Vervielfältigung, Bearbeitung, Verbreitung und jede Art der Verwertung außerhalb der Grenzen des Urheberrechtes bedürfen der schriftlichen Zustimmung des jeweiligen Autors bzw. Erstellers. Downloads und Kopien dieser Seite sind nur für den privaten, nicht kommerziellen Gebrauch gestattet. Soweit die Inhalte auf dieser Seite nicht vom Betreiber erstellt wurden, werden die Urheberrechte Dritter beachtet. Insbesondere werden Inhalte Dritter als solche gekennzeichnet. Sollten Sie trotzdem auf eine Urheberrechtsverletzung aufmerksam werden, bitten wir um einen entsprechenden Hinweis. Bei Bekanntwerden von Rechtsverletzungen werden wir derartige Inhalte umgehend entfernen.</p>
</div></section>
